 = -0. Let f(p) = -p - 6. What is f(l)?
-11
Let b be ((-12)/54 + 140/(-18))/(-2). Let v(x) be the second derivative of 1/12*x**4 + 0 + 2*x - 1/3*x**3 + 0*x**2. Calculate v(b).
8
Suppose 11 = -10*v - 29. Let u(c) = -15*c - 1. Let t(s) = 5*s. Let h(i) = -11*t(i) - 4*u(i). Calculate h(v).
-16
Let c(b) = -b**3 + 8*b**2 + 4*b - 6. Suppose 373*i - 56 = 366*i. Calculate c(i).
26
Suppose -4*j + 48 = 4*t, 0*t + 2*j - 44 = -4*t. Let s(k) = -k**2 + 11*k - 1. Let c be s(t). Suppose 5*h - c*h = 0. Let m(p) = p**3 + p**2 + p + 2. What is m(h)?
2
Let d(x) = -204*x**2 - 194*x**2 + 401*x**2 - 9*x + 1 + 0. Give d(3).
1
Let n(y) = -y**3 + 2. Suppose 0 = -25*a + 20*a. Calculate n(a).
2
Let r(w) = 139 - 4*w**2 + 0*w**2 - 144 + 7*w. Let x(l) = -5*l**2 + 8*l - 6. Let q(g) = -6*r(g) + 5*x(g). Determine q(-4).
-8
Let x(c) be the second derivative of c**5/20 - c**4/6 - c**3 + 3*c**2 - 157*c - 1. Calculate x(4).
14
Let a = -734 - -739. Let k(n) = -n**3 - n. Let t(u) = 5*u**3 - 4*u**2 + 1. Let j(d) = 4*k(d) + t(d). Give j(a).
6
Suppose -2*m + 4 = 2*m. Let k(q) = 5*q - 1. Let y be k(m). Let n(u) = -2 + 2 + y - 1 - u. Determine n(4).
-1
Let u(f) be the first derivative of -f**4/4 - 25*f**3/3 - f**2 - 34*f + 570. Give u(-25).
16
Suppose -2*y = -72 + 66. Let j(x) = x**2 - 4*x - 1. What is j(y)?
-4
Suppose -3*f - 4*h + 26 = 0, 4*f + 0*h + h = 26. Let n(y) = 0 + f - 4*y**2 - 8 + 3*y + y**3. Let s be (-1 + 0)*2 - -4. Determine n(s).
-4
Suppose -s - 7 = 2*r, -3*s - 2*r - 1 = -0*s. Let i(p) = -p**s - 5 + 12 - 1 - 7*p + 6*p**2. Calculate i(5).
-4
Let v(y) = 1 - 5*y + 0*y - 3*y - 2*y. Give v(1).
-9
Let g = 169 - 168. Let r(y) be the third derivative of 1/24*y**4 + 0*y**3 + 0 + 0*y - 1/5*y**5 - 2*y**2. Determine r(g).
-11
Let s = 17 + -17. Suppose s = -5*a - 0*a. Let t(z) = -3 + 4*z + 5 + a. What is t(-2)?
-6
Let s(j) = j**2 + j + 4. Let m(p) = -p**2 + 16*p - 57. Let h be m(10). Give s(h).
16
Let w(v) = -49*v**2 - 4*v - 1. Let a be w(-1). Let c = a + 39. Let i(d) = -d + 3. Calculate i(c).
10
Let h(w) = -w**3 + 2*w**2 + 2*w + 2. Let r = -1 + 11. Let z(p) = -7*p**2 + 8*p + 23. Let g(l) = -l**2. Let j(q) = -6*g(q) + z(q). Let f be j(r). Give h(f).
-1
Let a(c) be the second derivative of -c**4/12 - 4*c**3/3 - 3*c**2 - 44*c. Determine a(-8).
-6
Let t(r) = -3 - 5*r + 6 - 13 + 9. Determine t(-2).
9
Let t(k) = k + 3. Let q be t(-7). Let u = 20 - 26. Let h(f) = -7*f**2 - 5*f + 2. Let n(r) = -15*r**2 - 10*r + 5. Let v(s) = u*n(s) + 13*h(s). What is v(q)?
0
Suppose -s = -4*s - 21. Let w(d) be the second derivative of d**3/6 + 7*d**2/2 + 15*d. What is w(s)?
0
Let a(v) = -27*v**2 + 5*v - 5. Let d(y) = -473*y**2 + 88*y - 88. Let z(w) = -88*a(w) + 5*d(w). Give z(1).
11
Let a(f) be the first derivative of -4/3*f**3 + 3*f - 2*f**2 + 22 + 1/4*f**4. Give a(4).
-13
Let z(t) be the first derivative of t**4/4 + 5*t**3/3 + 7*t**2/2 + 4*t + 4. Give z(-4).
-8
Let i(j) = -j**3 + 3*j**2 + j + 3. Let d be (-5)/2*48/(-40). Suppose 2*o - o = 5*v - 17, -3*v = -d*o - 15. Determine i(v).
6
Let h(d) = 5*d - 18. Let i(o) = o**3 + o**2 - 8*o - 7. Let l be i(-2). Give h(l).
7
Let l(b) be the second derivative of 0 - 1/6*b**3 - 1/2*b**2 + 13*b. What is l(-4)?
3
Let b(l) = -4*l + 56. Let k be b(13). Let a(u) be the first derivative of 3*u - 2*u**2 - 7/3*u**3 - 1/4*u**k - 1. What is a(-6)?
-9
Let q(s) = -17*s - 6. Let i(l) = 8*l + 3. Let u(x) = 13*i(x) + 6*q(x). What is u(-6)?
-9
Suppose g - 34 = -12. Let z = 28 - g. Let m(j) = -2*j + 4. Give m(z).
-8
Let w(b) = 2*b. Let v(c) = -4*c - 3. Let j be v(-4). Let r(y) = 3*y - 36. Let u be r(j). Give w(u).
6
Let p(o) be the third derivative of o**8/20160 - o**6/720 - o**5/6 + 8*o**2. Let g(k) be the third derivative of p(k). Calculate g(1).
0
Let r(q) be the second derivative of -q**5/20 + 5*q**4/12 - q**3/6 + 4*q**2 - 51*q. What is r(5)?
3
Let x(y) be the second derivative of 7/6*y**3 - 1/24*y**4 + 0 - 5/2*y**2 + 3*y. Let s(m) be the first derivative of x(m). Give s(3).
4
Let y be (-4)/(-6) + 176/(-48). Let f(r) be the third derivative of r**5/60 + r**4/12 + 2*r**3/3 + 12*r**2. Give f(y).
7
Let x(v) be the third derivative of v**6/120 - 7*v**5/60 - v**4/12 + 5*v**3/6 - 2*v**2. Suppose -2*m - z + 14 = 0, 5*m = 8*m + 2*z - 21. What is x(m)?
-9
Let p(n) = -2*n + 3. Suppose 140 = -0*m + 5*m. Suppose o + m = 24. Give p(o).
11
Let u(m) be the second derivative of m**4/12 - 5*m**3/6 - m**2 + 459*m. What is u(4)?
-6
Let j(t) = 323 - 656 + t + 343. Suppose 0 = -0*d + 3*d + 27. Give j(d).
1
Let t = 5 - 5. Let h(d) = -4 + t*d - d - d - 2. Suppose -k + 14 = -4*j, 0 = 2*k + 2*k - 5*j - 1. What is h(k)?
6
Let u(m) = 7 + 5 - 3 - 2*m. Let g(v) = -92*v**2 + v. Let t be g(1). Let k be ((-156)/t)/((-10)/14 - -1). Determine u(k).
-3
Let b(h) = -2*h**2 + 15*h + 10. Let c be b(8). Let v(n) = -4 + 59*n - 58*n - 1 - c. Calculate v(4).
-3
Let c = 12 + -8. Suppose -3*q = -3*n + 3, c*q - 4*n + 31 = -9*n. Let b(s) = -s**2 - 5*s - 3. Calculate b(q).
1
Let t(k) = 125*k**2 + k**3 - 122*k**2 + k + 2*k**3 - 6*k**3 - 2. What is t(2)?
-12
Let q(y) = y + 12. Suppose 15*f + a = 11*f - 16, 3*f + 31 = 4*a. Give q(f).
7
Let c(r) = 2*r**2 + 20*r - 39. Let x be (-9)/((-24)/(-256)*8). Give c(x).
9
Let l(z) = -18*z + 39. Let u be l(2). Let g be (-1)/(6/(-5) + 1). Suppose 1 = -2*y + u*c, 2*y = g*c - 2 - 5. Let x(f) = -f + 4. Calculate x(y).
0
Let u be 72/96*(-8)/(-3). Let t(q) = 3*q**2 + q**u - 3*q**2 + q - 10 + 7*q. Give t(-8).
-10
Let n(r) be the second derivative of -r**3/6 + 3*r**2/2 + r. Let v(y) = y**2 + 2*y - 9. Let z be v(-5). Suppose z = 10*l - 9*l. Give n(l).
-3
Let u(o) be the third derivative of -o**6/30 + o**5/10 - o**4/6 + o**3/6 - 10*o**2. Let r(b) = -b**3 - b + 1. Let c(s) = -3*r(s) + u(s). What is c(6)?
-8
Suppose -98 + 134 = -4*r + 5*z, -4*r = z + 12. Let d(n) = n**3 + 3*n**2 - 2*n + 5. Determine d(r).
-3
Suppose 137*a - 15 = 122*a. Let v(t) = 9*t - 2. Give v(a).
7
Let l be 4 - (2 - 1) - -6. Let k(x) = -l*x - 11*x + 23*x. Let h(w) = -w**3 + 3*w**2 + w - 6. Let f be h(3). Calculate k(f).
-9
Let w be (0 - -1)/1*3. Let h(m) = -11*m - 3 + 7*m + w*m + 1. Give h(-3).
1
Let q(n) = n**2 + 6*n + 3. Suppose 0 = -3*k, 2*g + 6 = 4*k + 2. Give q(g).
-5
Let z(a) = -a**3 - 6*a**2 - a - 3. Let t be 1 - (-12)/5 - (-6)/(-15). Suppose t = -4*i - 21. Determine z(i).
3
Let m be 102/18 + 2/6. Let g = 3 - -1. Let w(r) = -g*r + 6*r - 1 + 7 - m*r. Determine w(4).
-10
Let r(j) be the third derivative of j**4/8 - j**3/3 + 27*j**2 + 1. Determine r(3).
7
Let y(c) = 7*c - 2. Let f(l) be the first derivative of 3*l**2 - 2*l - 4. Let t(h) = 6*f(h) - 5*y(h). What is t(-6)?
-8
Let b(g) = 897 + 5*g - 446 - 442. What is b(5)?
34
Let t(w) = w**3 + w**2 - 6*w - 4. Let s(b) = b**3 - 6*b**2 + 4*b - 28. Let n be s(6). Calculate t(n).
-28
Let b(y) = y**2 - 12*y + 14. Let i be b(10). Let t be (10/i)/((-4)/24). Let p(r) = 4*r + 3*r - t*r - 4 + 5*r. Calculate p(-4).
-12
Suppose -x - 2 = -0. Let n(r) = -r**2 - 9*r - 3. Let l be n(-8). Let u(q) = -l*q**3 + 4*q**3 + q + 0*q**3 - 1. Give u(x).
5
Let a(u) = -5*u**3 - 4*u**2 + u - 1. Let b(r) = -9*r**3 - 8*r**2 + 2*r - 1. Let q(m) = -7*a(m) + 4*b(m). Calculate q(-4).
-1
Let m(v) be the second derivative of 1/2*v**3 - v + 0*v**2 + 0. Let s be 1*((-8)/(-24))/(1/3). What is m(s)?
3
Let i(v) = v**2 - 9*v + 1. Let n(g) = 4*g**2 - 13*g + 9. Let p be n(3). Give i(p).
-17
Let o(h) be the second derivative of -1/6*h**3 - h + 1/12*h**4 + 0 - h**2. Let s = 0 + 3. Determine o(s).
4
Let c = 29 + -29. Suppose c = -22*j + 20*j + 20. Let n(k) = -k**2 + 11*k - 9. Determine n(j).
1
Let t(m) = -2*m**2 + 18*m - 14. Let i(h) be the second derivative of -h**4/4 + 9*h**3/2 - 21*h**2/2 + 17*h. Let x(o) = -5*i(o) + 7*t(o). Determine x(8).
-1
Let a(g) = g**2 - 3*g - 204. Let o be a(-13). Let r(q) = 0*q - 4*q + 3*q + 2*q. Give r(o).
4
Let g(c) = -c**2 - 5*c - 2. Let z(b) = 3*b**2 + 15*b + 5. Let o(y) = 11*g(y) + 4*z(y). Let l = -39 - -30. Let v = -13 - l. Calculate o(v).
-6
Let y = -169 + 163. Let w(b) = 5*b**3 + 25*b**2 - 25*b + 36. Let s(r) = -r**3 - 5*r**2 + 5*r - 7. Let v(z) = 11*s(z) + 2*w(z). Give v(y).
1
Let p(i) = -3*i**2 + i + 1. Let s be 57/11 + -1*(-6)/(-33). What is p(s)?
-69
Let d(v) be the first derivative of -v**3/3 - 2*v**2 - 227. Suppose 0 = 3*q + 18 - 6. What is d(q)?
0
Suppose 4*g + 105 = 65. Let t(f) = f**